3 is divided by c + (-93)/(-3) + 1?
37
Let h = -7 + 45. Calculate the remainder when (((-4548)/(-27))/(-1))/(32/24)*-3 is divided by h.
37
Suppose -4*g = -3*u + 19, -g + 0*g + 1 = 5*u. Calculate the remainder when (-18)/(-72) + (-515)/g is divided by 12.
9
Let r(g) = 1155*g**2 + 126*g + 3. What is the remainder when r(4) is divided by 94?
93
Let b(n) be the third derivative of n**4/3 - 4*n**3 + 5*n**2. Suppose w + 21 = 4*w. Calculate the remainder when b(w) is divided by 18.
14
Let u(v) = v**3 + 2*v**2 - 3*v + 114. Let a be u(0). What is the remainder when (-3 - 24/(-3)) + a + -3 is divided by 40?
36
Let i(v) = -v**2 - 76*v - 1363. What is the remainder when i(-31) is divided by 14?
4
Let f be (-1)/((-1)/(2/2)) + -2. Let k = -3 + f. What is the remainder when ((-72)/k)/(6/21) is divided by 8?
7
Calculate the remainder when 5069 is divided by -11 + (-17)/51*-87.
11
Suppose -4*x + 20 = -4*i - 3*x, 0 = -5*x + 20. What is the remainder when 270 is divided by 15 + i + (-4 - -14)?
18
Let r = 4333 - 2567. Calculate the remainder when r is divided by 118.
114
Suppose -262 - 505 = -13*d. What is the remainder when d is divided by (2 - -15) + (-4 - -4)?
8
Let m(w) be the second derivative of w**4/6 - 10*w**2 + 21*w. What is the remainder when 56 is divided by m(4)?
8
Suppose 1530 = 62*k - 52*k. Suppose -3*p + 5*g - 4*g = -157, -3*p + 3*g + k = 0. Suppose 41 = -4*i + 153. What is the remainder when p is divided by i?
25
Let y(a) = -230*a - 2872. What is the remainder when y(-13) is divided by 11?
8
Let h = -6626 + 10284. What is the remainder when h is divided by 1219?
1
Suppose 312 = 41*n - 29*n. Let t(x) = -x**3 + 26*x**2 + 4*x - 80. What is the remainder when 78 is divided by t(n)?
6
Suppose -5*h = -4*j - 41, -3*h - 2*j + 5*j + 24 = 0. Let b be 348/(-9) - 3/h. Let q = -29 - b. Calculate the remainder when q is divided by 7.
3
What is the remainder when 261 is divided by 210/7*5/(165/44)?
21
Let w be (-136)/40 - 3/5. Calculate the remainder when 166 is divided by 1/(-2)*(-28 - w).
10
Let o(b) = b**2 - 5*b + 6. Let a(p) = p**3 + 64*p**2 - 62*p + 200. What is the remainder when a(-65) is divided by o(4)?
1
Calculate the remainder when 209496/308 - (-18)/(-99) is divided by 338.
4
What is the remainder when 3552/21 - 35/(1225/(-30)) is divided by 56?
2
Suppose -i = -2*a + 45, 2*a - 109*i = -107*i + 46. Calculate the remainder when 1008 is divided by a.
18
Let n be -256*((-145)/(-140) + (-4)/14). Let c = 615 + n. Let a = c - 238. What is the remainder when a is divided by 31?
30
Let x(u) = -u**2 - 4*u - 4. Let k be x(-3). Let n be k - (1 + -2 - (-4 - -7)). Suppose n*r + 200 = 7*r. Calculate the remainder when r is divided by 17.
16
Let k = -5351 + 5735. Calculate the remainder when k is divided by 30.
24
Let y = 3617 + -3149. Calculate the remainder when y is divided by 43.
38
Suppose 0 = -n - 1, -116*t + 5*n + 83 = -113*t. What is the remainder when 1531 is divided by t?
23
Let k(z) = -z**3 - 18*z**2 - 19*z + 5. Let w be k(-17). Let s = -23 + w. What is the remainder when 3/(-6) - (-279)/6 is divided by s?
14
Let o be 8*(2/8)/((-2)/(-4)). Suppose 5*b + o*l + 567 = 0, -2*b = b - 5*l + 318. What is the remainder when 2 - (3 - (b/(-3) + 0)) is divided by 13?
10
Let h be (94 - 0)/((-26)/(-4) + -7). Let z = 82 - h. Let m = 73 + -34. Calculate the remainder when z is divided by m.
36
Suppose -13*z - 3*l + 2027 = -9*z, l = -3*z + 1514. Calculate the remainder when z is divided by 137.
92
What is the remainder when (-6)/(-9) - 18426/(-9) is divided by 31?
2
Calculate the remainder when 17079 is divided by (-1904)/((-160)/10) - -21.
139
Let i(v) = -2*v + 30. Let o be i(15). Suppose 0 = -5*f + y + 241, o = -f + 5*y + 26 + 3. What is the remainder when 116 is divided by f?
18
Let n(f) = 4*f**3 + 44*f**2 - 10*f - 67. Calculate the remainder when ((-6)/9)/((-2)/228) is divided by n(-11).
33
Let d = 112 + -96. Suppose 2*s + 3*q - 112 = -2*s, d = 4*q. Calculate the remainder when 27 is divided by s.
2
Suppose 691 = 7*g + 334. Calculate the remainder when 390 is divided by g.
33
Suppose -3*d + 5*n + 494 = 192, 3*n = -4*d + 422. Calculate the remainder when d is divided by 36.
32
Let u = -30779 + 30857. Suppose 0 = -b - 5*t + 229, 3*b - 2*b - 5*t = 229. Calculate the remainder when b is divided by u.
73
Suppose 5*u - 449 = -4*h + 811, 4*u = -3*h + 945. Let x(g) = 2*g**3 - 4*g**2 + 5*g - 2. What is the remainder when x(3) is divided by (-12 + h/25)*(1 - -14)?
4
Let t be 3/(18/(-4))*4728/(-16). Let l = -195 + t. Let f = -7 - -10. Calculate the remainder when f is divided by l.
1
Suppose -5*j - s = 1, -s = j + 3*s + 4. Let r be 1/(j + 5/(-55)). Let k = 34 + r. Calculate the remainder when k is divided by 13.
10
Let l(z) = 20*z - 66. Let b(a) = a + 4. What is the remainder when l(6) is divided by b(8)?
6
Suppose 3*z = i - z - 26, 3*i = -4*z + 126. What is the remainder when 56056/546 + 1/3 is divided by i?
27
Let k = 7 - -14. Let j(g) = 12*g - 64. Calculate the remainder when j(13) is divided by k.
8
Let f = 3430 + -3373. Suppose -12 = 3*q, -z - 2*q + 5 = -q. What is the remainder when f is divided by z?
3
Let o(s) = s**3 + 32*s**2 - s + 26. Calculate the remainder when 74 is divided by o(0).
22
Suppose k = 1 - 49. Let s = k - -117. What is the remainder when s is divided by 8?
5
Let o(q) = -4*q + 16. Let a = -35 - -40. Let u = 32 - a. What is the remainder when u is divided by o(2)?
3
Let i be -3*4*3/(-4)*3. Suppose -k + 4*k + i = 2*j, 0 = -2*j + 5*k + 25. Suppose 16*s = 11*s + j. What is the remainder when 3 is divided by s?
0
Let d(j) = j**3 - 13*j**2 + 7*j + 10. Let h be ((-2)/(-20) - 4/(-10))*26. Let b be d(h). Let s = b - 79. Calculate the remainder when 85 is divided by s.
19
Let x = -29778 - -30073. Calculate the remainder when 10322 is divided by x.
292
Let z = -16 + 29. Suppose 3*m - 101 = z. What is the remainder when 148 is divided by m?
34
Let l be (16 + -1)/(-2 - 134/(-64)). Suppose -l*b - 15 = -163*b. What is the remainder when 11 is divided by b?
1
Let w = 403 + -278. Let h = 114 - w. What is the remainder when 105 is divided by -3*1 + -3*(h + 4)?
15
Let p = 28 + -17. Let y = p + -9. Suppose -5*k = y*t - 75, 5*t + 0*k - 120 = k. Calculate the remainder when t is divided by 7.
4
Let m(c) = c**2 + 118*c + 1830. Let r = -61 + 128. Calculate the remainder when m(-16) is divided by r.
64
Let x = -273 - -294. Let a = 47 + x. Calculate the remainder when a is divided by 23.
22
Let a(y) = 56*y - 223. Let w be (-3)/24 - (1560/(-64))/3. Calculate the remainder when a(w) is divided by 12.
9
Suppose 0 = 2*g - 2*t - 248, 3*t - 2323 = -2314. Calculate the remainder when 717 is divided by g.
82
Suppose 0 = 2*w - 4*k - 30, -k = -5*w + 56 + 19. Let g = -46 + 26. What is the remainder when 129 is divided by -6*(-5 - g/w)?
19
Let f(h) = h + 26. Let c be f(-22). Suppose 16 = 4*p, -c*m - p - 20 = -0*p. Calculate the remainder when m*1*(-9)/(-2)*-2 is divided by 14.
12
Let y(u) = u**3 - 62*u**2 + 62*u - 41. Suppose 4*a - 4*j = 264, -7*j + 2*j = -3*a + 208. Calculate the remainder when 2 + -3 + 80 + 0 is divided by y(a).
19
Let m(z) = 69*z - 2. Let t = -302 + 510. Suppose 4*s - i = t, s = 12*i - 10*i + 52. What is the remainder when m(3) is divided by s?
49
Suppose 0 = -68*z + 14*z + 11610. Suppose 4*h - 73 = 51. What is the remainder when z is divided by h?
29
Let c = 796 - 564. Suppose 0 = -2*y - 16 + c. Suppose -q - q - 2 = 0, -5*u - 2*q + 138 = 0. Calculate the remainder when y is divided by u.
24
Suppose 282*i - 89*i = 127086 - 41008. What is the remainder when i is divided by 121?
83
Let m be -431 - (-4 - (-8 + 0)). Let j = m - -464. Calculate the remainder when j is divided by (-2 - -1)/(2/(-16)).
5
Calculate the remainder when -3 - (-3307 - (-18 + 6)) is divided by 24.
4
Let f(u) = 2*u**3 - 25*u**2 - 96*u - 67. Calculate the remainder when 217 is divided by f(16).
28
Suppose -70*o + 87*o = 34. Calculate the remainder when (-12)/(-3) + (26 - -1) is divided by o.
1
Suppose 11*u - 751 + 20 - 193 = 0. Calculate the remainder when 92 is divided by u.
8
What is the remainder when (((-135)/(-18))/15*-412)/(-1) is divided by 40?
6
Let a be (-2)/4 - (494/4 + 0). Let l = a + 133. What is the remainder when l is divided by 8?
1
Let a = 12477 - 12464. What is the remainder when 108